{"id":268,"date":"2015-09-24T21:33:16","date_gmt":"2015-09-24T21:33:16","guid":{"rendered":"http:\/\/uran-deutsch-tschechischer-erinnerungsort.info\/?page_id=268"},"modified":"2017-03-09T13:29:18","modified_gmt":"2017-03-09T12:29:18","slug":"quellen-und-arbeitsauftraege","status":"publish","type":"page","link":"https:\/\/uran-deutsch-tschechischer-erinnerungsort.info\/?page_id=268","title":{"rendered":"Quellen und Arbeitsauftr\u00e4ge"},"content":{"rendered":"<p><em><strong>Bergbau im Erzgebirge &#8211; gemeinsames Erbe<\/strong><\/em><\/p>\n<ol>\n<li>\u00dcbersicht \u00fcber <strong>800 Jahre Bergbau im s\u00e4chsischen und b\u00f6hmischen Erzgebirge<\/strong><br \/>\nQuelle: <strong><a title=\"800 Jahre Bergbau im s\u00e4chsischen und b\u00f6hmischen Erzgebirge\" href=\"http:\/\/uran-deutsch-tschechischer-erinnerungsort.info\/?p=669\" target=\"_blank\">Zeitachse<\/a><\/strong><\/li>\n<li><strong>Kunst und Bergbau anno 1520<\/strong>, Bilder zum Bergbau in Mittelalter und Neuzeit<br \/>\nQuellen:\u00a0<a title=\"Kunst und Bergbau anno 1520\" href=\"http:\/\/uran-deutsch-tschechischer-erinnerungsort.info\/?p=795\" target=\"_blank\"><strong> Bergaltar Hans Hesses in Annaberg, um 1520<\/strong><\/a> sowie Bildausschnitte daraus zur <a title=\"Bergbautechnik anno 1520\" href=\"http:\/\/uran-deutsch-tschechischer-erinnerungsort.info\/?p=801\" target=\"_blank\"><strong>Bergbautechnik anno 1520<\/strong>: <\/a><br \/>\n<a title=\"F\u00f6rdern\" href=\"http:\/\/uran-deutsch-tschechischer-erinnerungsort.info\/?p=818\" target=\"_blank\">F\u00f6rdern<\/a> \/ <a title=\"Kurbeln\" href=\"http:\/\/uran-deutsch-tschechischer-erinnerungsort.info\/?p=825\" target=\"_blank\">Kurbeln<\/a> \/ <a title=\"Hauen\" href=\"http:\/\/uran-deutsch-tschechischer-erinnerungsort.info\/?p=829\" target=\"_blank\">Hauen<\/a> \/ <a title=\"Waschen\" href=\"http:\/\/uran-deutsch-tschechischer-erinnerungsort.info\/?p=832\" target=\"_blank\">Waschen<\/a> \/ <a title=\"Schmelzen\" href=\"http:\/\/uran-deutsch-tschechischer-erinnerungsort.info\/?p=834\" target=\"_blank\">Schmelzen<\/a> \/ <a title=\"Pr\u00e4gen f\u00fcr den Landesherren\" href=\"http:\/\/uran-deutsch-tschechischer-erinnerungsort.info\/?p=717\" target=\"_blank\">Pr\u00e4gen<\/a>: <strong>Pr\u00e4gen f\u00fcr den Landesherren<\/strong><\/li>\n<li>Der Joachimst(h)aler: <strong>Der Ur-Taler<\/strong><br \/>\nQuellen: <strong><a title=\"Der Ur-Taler\" href=\"http:\/\/uran-deutsch-tschechischer-erinnerungsort.info\/?p=720\" target=\"_blank\">Fotos von Talerm\u00fcnzen<\/a><\/strong><\/li>\n<li><strong>Typisch Erzgebirge<\/strong>: Handwerkstraditionen<br \/>\nQuelle: <a title=\"Typisch Erzgebirge: Handwerkstraditionen\" href=\"http:\/\/uran-deutsch-tschechischer-erinnerungsort.info\/?p=737\" target=\"_blank\"><strong>Bildpostkarte, um 1915<\/strong> <\/a><\/li>\n<li><strong>Neues Zugpferd Uranfarben?<em><br \/>\n<\/em><\/strong>Quellen: <strong><a title=\"Neues Zugpferd Uranfarben?\" href=\"http:\/\/uran-deutsch-tschechischer-erinnerungsort.info\/?p=744\" target=\"_blank\">Fotos von Uranglasobjekten und Uranglasfabrik<\/a><\/strong><\/li>\n<li><strong>Wie kommt man nur an Uranproben?<\/strong> Das Ehepaar Curie bittet um Joachimsthaler Pechblende zu Forschungszwecken<br \/>\nQuelle: <a title=\"Wie kommt man nur an Uranproben?\" href=\"http:\/\/uran-deutsch-tschechischer-erinnerungsort.info\/?p=785\" target=\"_blank\"><strong>Brief an die zust\u00e4ndigen \u00f6sterreichischen Beh\u00f6rden, 1898<\/strong><\/a><\/li>\n<li>J\u00e1chymov wird Kurbad: <strong>Radonkuren f\u00fcr die Oberschicht<br \/>\n<\/strong>Quellen:<strong><a title=\"J\u00e1chymov wird Kurbad: Radonkuren f\u00fcr die Oberschicht\" href=\"http:\/\/uran-deutsch-tschechischer-erinnerungsort.info\/?p=778\" target=\"_blank\"> Fotos ber\u00fchmter Pers\u00f6nlichkeiten in J\u00e1chymov und Postkarte<\/a><br \/>\n<\/strong><\/li>\n<li><strong>Strahlende Gefahr f\u00fcr den Menschen<\/strong>, Gesundheitsrisiken des Uranbergbaus<br \/>\nQuelle: <strong><a title=\"Gesundheitsrisiken des Uranbergbaus\" href=\"http:\/\/uran-deutsch-tschechischer-erinnerungsort.info\/?p=315\" target=\"_blank\">Fachtext<\/a><\/strong><\/li>\n<li><strong>Das Erzgebirge auf dem Weg zum Welterbe, <\/strong>die montane Kulturlandschaft bewirbt sich um Aufnahme auf die UNESCO-Welterbe-Liste<strong><em><br \/>\n<\/em><\/strong>Quelle: <strong><a title=\"Das Erzgebirge auf dem Weg zum Welterbe\" href=\"http:\/\/uran-deutsch-tschechischer-erinnerungsort.info\/?p=329\" target=\"_blank\">Image-\/Werbefilm<\/a><\/strong><\/li>\n<\/ol>\n","protected":false},"excerpt":{"rendered":"<p>Bergbau im Erzgebirge &#8211; gemeinsames Erbe \u00dcbersicht \u00fcber 800 Jahre Bergbau im s\u00e4chsischen und b\u00f6hmischen Erzgebirge Quelle: Zeitachse Kunst und Bergbau anno 1520, Bilder zum Bergbau in Mittelalter und Neuzeit Quellen:\u00a0 Bergaltar Hans Hesses in Annaberg, um 1520 sowie Bildausschnitte daraus zur Bergbautechnik anno 1520: F\u00f6rdern \/ Kurbeln \/ Hauen \/ Waschen \/ Schmelzen \/ [&hellip;]<\/p>\n","protected":false},"author":4,"featured_media":0,"parent":48,"menu_order":0,"comment_status":"open","ping_status":"open","template":"","meta":{"footnotes":""},"class_list":["post-268","page","type-page","status-publish","hentry"],"_links":{"self":[{"href":"https:\/\/uran-deutsch-tschechischer-erinnerungsort.info\/index.php?rest_route=\/wp\/v2\/pages\/268","targetHints":{"allow":["GET"]}}],"collection":[{"href":"https:\/\/uran-deutsch-tschechischer-erinnerungsort.info\/index.php?rest_route=\/wp\/v2\/pages"}],"about":[{"href":"https:\/\/uran-deutsch-tschechischer-erinnerungsort.info\/index.php?rest_route=\/wp\/v2\/types\/page"}],"author":[{"embeddable":true,"href":"https:\/\/uran-deutsch-tschechischer-erinnerungsort.info\/index.php?rest_route=\/wp\/v2\/users\/4"}],"replies":[{"embeddable":true,"href":"https:\/\/uran-deutsch-tschechischer-erinnerungsort.info\/index.php?rest_route=%2Fwp%2Fv2%2Fcomments&post=268"}],"version-history":[{"count":21,"href":"https:\/\/uran-deutsch-tschechischer-erinnerungsort.info\/index.php?rest_route=\/wp\/v2\/pages\/268\/revisions"}],"predecessor-version":[{"id":907,"href":"https:\/\/uran-deutsch-tschechischer-erinnerungsort.info\/index.php?rest_route=\/wp\/v2\/pages\/268\/revisions\/907"}],"up":[{"embeddable":true,"href":"https:\/\/uran-deutsch-tschechischer-erinnerungsort.info\/index.php?rest_route=\/wp\/v2\/pages\/48"}],"wp:attachment":[{"href":"https:\/\/uran-deutsch-tschechischer-erinnerungsort.info\/index.php?rest_route=%2Fwp%2Fv2%2Fmedia&parent=268"}],"curies":[{"name":"wp","href":"https:\/\/api.w.org\/{rel}","templated":true}]}}